210?
True
Is 355247676 a multiple of 36?
True
Is 65703853 a multiple of 41?
True
Does 69 divide 89078396?
False
Is 308 a factor of 109569152?
True
Does 27 divide 1240230150?
True
Is 102507699 a multiple of 7?
True
Is 2769590815 a multiple of 164?
False
Is 13 a factor of 5665192?
True
Does 7 divide 186548404?
True
Is 1376 a factor of 385594916?
False
Is 59810691 a multiple of 2527?
False
Does 368 divide 55406267?
False
Is 203715930 a multiple of 15?
True
Does 10 divide 26596823?
False
Is 45 a factor of 1440575647?
False
Does 425 divide 174675895?
False
Is 11 a factor of 9061514?
True
Is 1624 a factor of 1575639668?
False
Does 10 divide 6309679?
False
Is 4 a factor of 5503536?
True
Does 16 divide 891392?
True
Does 21 divide 2916165?
True
Is 181868792 a multiple of 2993?
False
Is 479651127 a multiple of 57?
False
Is 596933346 a multiple of 4299?
True
Is 29 a factor of 1904314?
True
Does 3 divide 327708733?
False
Does 13 divide 41921009?
True
Is 666 a factor of 3333029634?
True
Does 138 divide 708956537?
False
Does 2154 divide 807704401?
False
Is 924113 a multiple of 10?
False
Is 14 a factor of 1491104349?
False
Is 40 a factor of 48929600?
True
Does 16 divide 18007985?
False
Does 953 divide 8273946?
True
Does 21 divide 37558815?
True
Does 216 divide 5947602637?
False
Is 2 a factor of 149263?
False
Is 8277952 a multiple of 844?
True
Is 8 a factor of 1321273699?
False
Does 33 divide 160795781?
False
Is 2301 a factor of 602029038?
True
Does 20 divide 112951718?
False
Is 35155520 a multiple of 4?
True
Is 878385560 a multiple of 758?
True
Is 29 a factor of 47123927?
True
Is 37 a factor of 2377337908?
False
Does 23 divide 26570389?
False
Is 1647828665 a multiple of 245?
False
Does 35 divide 368396455?
True
Does 1402 divide 22528738?
True
Is 11 a factor of 52941801?
True
Does 1257 divide 53745549?
True
Is 2692231068 a multiple of 38?
True
Does 113 divide 528427098?
True
Is 44472105 a multiple of 235?
True
Does 17 divide 638316?
True
Is 18 a factor of 9415800?
True
Is 22143945 a multiple of 583?
False
Does 8 divide 915391904?
True
Is 821948997 a multiple of 147?
False
Is 12 a factor of 66817488?
True
Is 293 a factor of 13940354?
True
Is 107934035 a multiple of 500?
False
Does 4 divide 76435452?
True
Is 66736952 a multiple of 2?
True
Is 203322516 a multiple of 4148?
True
Is 1107876282 a multiple of 57?
True
Does 125 divide 2565704125?
True
Is 5 a factor of 849826507?
False
Is 36032571 a multiple of 51?
True
Is 131326000 a multiple of 130?
True
Is 13206338 a multiple of 14?
False
Is 3 a factor of 128010312?
True
Is 10 a factor of 154384620?
True
Does 70 divide 561062250?
True
Does 14 divide 62832312?
False
Does 155 divide 1337327135?
True
Is 43 a factor of 1285143279?
True
Is 232 a factor of 339177968?
True
Is 44584252 a multiple of 65?
False
Is 18 a factor of 1162800?
True
Is 160453920 a multiple of 330?
True
Does 480 divide 6025920?
True
Is 606028307 a multiple of 860?
False
Is 588130852 a multiple of 135?
False
Is 16409756 a multiple of 3?
False
Is 2676 a factor of 292176384?
True
Does 37 divide 63414798?
False
Is 15060500 a multiple of 13?
True
Does 595 divide 241063655?
True
Does 15 divide 204932700?
True
Is 455255567 a multiple of 1173?
False
Is 56933726 a multiple of 198?
False
Is 3981661225 a multiple of 650?
False
Is 4384 a factor of 35945339?
False
Does 15 divide 107374980?
True
Is 51 a factor of 9749058?
True
Is 836 a factor of 7895184?
True
Is 318372007 a multiple of 127?
False
Is 37505353 a multiple of 3?
False
Does 36 divide 229079348?
False
Does 5158 divide 812552237?
False
Is 769053478 a multiple of 382?
True
Does 176 divide 354452359?
False
Is 480 a factor of 53908844?
False
Is 99 a factor of 998540235?
True
Is 572 a factor of 14939795?
False
Does 1018 divide 833309350?
True
Is 33537006 a multiple of 501?
False
Is 36013906 a multiple of 23?
True
Is 88019740 a multiple of 194?
True
Does 91 divide 466391192?
False
Is 20 a factor of 24381180?
True
Does 15 divide 4217770485?
True
Is 1454029262 a multiple of 763?
True
Does 920 divide 830485840?
True
Is 279828211 a multiple of 5?
False
Is 945176910 a multiple of 21?
False
Does 42 divide 93565266?
False
Is 115 a factor of 706791599?
False
Is 229161434 a multiple of 87?
False
Is 1090 a factor of 15954993?
False
Does 282 divide 78236388?
True
Does 462 divide 1330807636?
False
Does 58 divide 89902969?
False
Is 113 a factor of 2480793665?
False
Is 22 a factor of 56814830?
False
Is 518 a factor of 145874252?
False
Is 65 a factor of 12641915?
True
Is 31506518 a multiple of 82?
False
Is 424783255 a multiple of 111?
False
Does 5139 divide 1615681044?
True
Is 1847928 a multiple of 8?
True
Is 3149965912 a multiple of 18?
False
Is 3281803013 a multiple of 24?
False
Does 261 divide 395671700?
False
Is 145595593 a multiple of 706?
False
Does 34 divide 444137174?
False
Is 666 a factor of 361767287?
False
Is 66483751 a multiple of 73?
False
Does 345 divide 6701280?
True
Does 511 divide 1663247688?
False
Is 208770510 a multiple of 6?
True
Is 1815 a factor of 39516180?
True
Does 6 divide 1263933317?
False
Is 33819600 a multiple of 15?
True
Is 403 a factor of 114584184?
True
Is 873 a factor of 882909423?
True
Is 21 a factor of 278205774?
True
Is 97493193 a multiple of 1017?
False
Is 233 a factor of 2037571630?
False
Does 199 divide 3163758715?
True
Does 6215 divide 44716925?
True
Is 782537952 a multiple of 57?
True
Is 7175728 a multiple of 1106?
True
Is 11 a factor of 12991572?
True
Does 484 divide 287008897?
False
Does 8 divide 32548504?
True
Is 29569664 a multiple of 1088?
True
Is 126376608 a multiple of 564?
True
Is 1078 a factor of 37703050?
True
Does 6 divide 11073557?
False
Is 2987 a factor of 403098637?
True
Does 345 divide 37439055?
True
Does 5 divide 22178960?
True
Is 8258368 a multiple of 16?
True
Is 29178971 a multiple of 12?
False
Is 7796 a factor of 4250051768?
True
Is 216208219 a multiple of 7?
False
Does 9 divide 166734?
True
Does 11 divide 104949669?
True
Is 370 a factor of 42582560?
True
Does 34 divide 67216198?
True
Is 13 a factor of 423348619?
False
Does 136 divide 43285808?
True
Is 251635516 a multiple of 22?
True
Is 5 a factor of 43810200?
True
Is 69 a factor of 1151756901?
True
Is 368767416 a multiple of 8?
True
Does 392 divide 340769632?
False
Is 3706449693 a multiple of 20?
False
Does 16 divide 24408320?
True
Does 476 divide 217594832?
True
Is 3282950 a multiple of 55?
True
Does 330 divide 198064020?
True
Does 84 divide 37798824?
True
Does 18 divide 67771980?
True
Is 192878468 a multiple of 411?
False
Is 2408415300 a multiple of 2400?
False
Does 17 divide 199633018?
False
Is 1336077397 a multiple of 16?
False
Is 235 a factor of 57531290?
True
Does 8 divide 116262228?
False
Is 23 a factor of 1451813199?
True
Does 7193 divide 130734228?
False
Is 914436264 a multiple of 6603?
True
Does 407 divide 7251519?
True
Does 328 divide 342315?
False
Does 1104 divide 9272496?
True
Is 585 a factor of 83062395?
True
Does 37 divide 21442707?
False
Is 191218800 a multiple of 200?
True
Does 845 divide 442420030?
True
Is 63642498 a multiple of 997?
True
Is 79864668 a multiple of 468?
True
Is 21850404 a multiple of 550?
False
Is 478679012 a multiple of 39?
False
Is 386373970 a multiple of 112?
False
Does 35 divide 3192687248?
False
Is 8 a factor of 21523160?
True
Does 168 divide 66701617?
False
Does 3 divide 5851760?
False
Is 329798614 a multiple of 431?
True
Is 4 a factor of 13228440?
True
Is 8 a factor of 19074864?
True
Is 934362576 a multiple of 9?
True
Does 15 divide 20086290?
True
Does 4608 divide 26035200?
True
Is 689 a factor of 20678461?
False
Is 2 a factor of 278099?
False
Is 10884 a factor of 1118256002?
False
Is 1886101 a multiple of 3691?
True
Is 6151755 a multiple of 139?
False
Does 1075 divide 1058721275?
True
Is 63933548 a multiple of 9?
False
Is 432 a factor of 88172064?
True
Does 69 divide 27177304?
False
Does 486 divide 5447165?
False
Is 1946 a factor of 1117926404?
True
Is 82580968 a multiple of 68?
True
Is 221 a factor of 2463657170?
True
Does 20 divide 9354436?
False
Is 27884104 a multiple of 181?
False
Is 104274009 a multiple of 148?
False
Is 609 a factor of 3677142?
True
Does 49 divide 447532729?
True
Is 181567744 a multiple of 124?
True
Is 58 a factor of 165756288?
False
Is 7 a facto